- s**2 - 1. Give q(5).
4
Let q(z) = -6*z**2 - 11*z - 1. Let d(c) = 7*c**2 + 12*c + 2. Let l(r) = -5*d(r) - 6*q(r). Determine l(-7).
3
Let r = 8 - 5. Let b(k) = 3 + 0 - 17*k + 20*k. Determine b(r).
12
Let w(l) = 2*l**2 + 2*l + 3. Suppose -16 = 7*o + o. Calculate w(o).
7
Let i(m) = 5*m - 6*m - 2 - 3 + 1. Determine i(-8).
4
Let f(w) = -3*w**3 - 13*w**2 - 10*w + 13. Let i(p) = -5*p**3 - 20*p**2 - 15*p + 20. Let j(u) = -8*f(u) + 5*i(u). Calculate j(5).
-4
Let v(c) = 7*c + 0*c + c - 1. Suppose -13*t + 9*t = -4. What is v(t)?
7
Let k(u) = u**3 + u**2 + 2. Suppose -3*x + 24 = -0*x. Let f = 8 - x. Determine k(f).
2
Suppose 0 = 2*c - 4*g - 8, -2*g = 4*c + 5 - 1. Let z(k) be the first derivative of -6*k + 1/4*k**4 - 1/3*k**3 - 2 + 0*k**2. Determine z(c).
-6
Let o(i) be the first derivative of 2*i**2 + 6*i + 29. Calculate o(-4).
-10
Let z(j) be the second derivative of j**5/20 - j**4/3 - j**3/2 + 5*j**2/2 + 2*j. Suppose 0 = x - 6*x + 55. Let d = x - 7. Determine z(d).
-7
Let q = 7 + -10. Let z(d) = -3*d - 2. Determine z(q).
7
Let x(u) = -3 + 6*u + 4*u - 19*u + 8*u. Suppose 5*t = 10 - 40. What is x(t)?
3
Let q(u) = 0*u - 5*u**3 + 0*u - 7*u**3 + u**2 - 1. Calculate q(1).
-12
Let i(t) = 4 - 22*t**3 + 4*t**2 + 23*t**3 - 6*t**2 - 6*t + 3*t. Calculate i(3).
4
Let y(t) = 2*t**2 + 6*t - 6. Let n be y(-6). Suppose 5*p - a = -n, -3*p + 1 = -4*a + 19. Let h(q) = q**2 + 7*q + 6. What is h(p)?
0
Let i(x) be the third derivative of x**4/24 - x**3 - 2*x**2. Let y be ((-18)/27)/(4/30). Let f be 5/(-25) + (-26)/y. Calculate i(f).
-1
Let l(b) = 16*b**3 - b**2 + 1. Let q be (-2)/(-10) + 28/35. Give l(q).
16
Suppose -18 = -3*g + 9*g. Let w(k) = 16*k + 24. Let l(d) = 3*d + 5. Let f(y) = -11*l(y) + 2*w(y). What is f(g)?
-4
Let z be (1 - 4) + (-5 - -2). Let q(x) = -x**3 - 7*x**2 - 8*x - 8. Give q(z).
4
Let s be (4/(-1))/(-12 + 10). Let a(o) = -s - 3*o**2 - 2*o + 4*o + 1. Determine a(1).
-2
Let f = 13 + -11. Suppose -g - f = 3. Let s(u) = -u**2 - 5*u + 2. Calculate s(g).
2
Suppose a - 15 = -2*a. Let j(u) = -u**3 + 5*u**2 + 2*u - 3. Give j(a).
7
Let p(s) = -s**3 + 12*s**2 - 11*s - 4. Let l(h) = h**3 - 11*h**2 + 10*h + 5. Let u(r) = 3*l(r) + 2*p(r). Give u(8).
7
Let q(z) = 2*z**2 + z - 1. Let t = -1 + 1. Let i be (-2 + 1)*(t + -1). Determine q(i).
2
Let a be (4 - 6) + 2 + -3. Let j(p) be the third derivative of -1/60*p**5 - 1/8*p**4 + 0*p + 0*p**3 - p**2 + 0. Give j(a).
0
Suppose -4*y + 2*y + 4*t = -24, 5*y + t = 49. Let f(s) = -4 - y*s + 14*s + 7. Let u(d) = -d + 4. Let l be u(6). Calculate f(l).
-5
Let g(o) = -5*o + 8*o**2 - 9*o**2 - o - 4. Calculate g(-5).
1
Let n(f) = 3*f**2 - 3*f + 2. Let x = 3 + 0. Give n(x).
20
Let p = -17 + 24. Let f(k) = -k**3 + 7*k**2 - 3. Calculate f(p).
-3
Let w(c) = 7*c**3 + 15*c**2 - 9*c - 11. Let u(d) = -3*d**3 - 7*d**2 + 4*d + 5. Let q(t) = 9*u(t) + 4*w(t). Give q(2).
-3
Let j(v) = -6*v**3 + v**2 - v. Let o be ((-104)/13)/(1 - -1). Let l be 5*(-1)/(-2)*2. Let k = l + o. Give j(k).
-6
Let k be (-84)/18*(-6)/4. Let o = 4 + k. Suppose g + 4*g - 2*m = -21, 2*m = 3*g + o. Let p(f) = 2*f + 4. Calculate p(g).
-6
Let t(w) = -w**2 - 1. Let x(c) = 7*c**2 - 5*c + 5. Let i(m) = -6*t(m) - x(m). Suppose 9 = 3*j + z, -2*j + 5*z = -j - 19. What is i(j)?
5
Suppose 0*g - 3*g - 6 = 0. Let f = 2 - g. Suppose 2*m = j + 10, -2*m + 12 = f. Let k(w) = 3*w**2 + 4*w + 3. Determine k(j).
7
Let d(w) = -w. Let v(i) = 10*i - 2*i + 3 - 3. Let n(q) = 10*d(q) + 2*v(q). Give n(-1).
-6
Let c(i) = -i**2 - i. Let j(a) = 5*a**2 - 3*a - 4. Let p(h) = -4*c(h) - j(h). Let k be (0 - 2)/6*-18. What is p(k)?
10
Let p(o) = -o**3 + o**2 + 3*o - 1. Let u be (3/(-9))/((-3)/18). Give p(u).
1
Let y(c) = c - 3. Suppose -6 = -o - 5*a + 1, 0 = 5*o + 2*a - 35. Determine y(o).
4
Let z be (-2)/(-5) + (-24)/(-15). Suppose z = x - 3*x. Let j(p) = -p - 9 + 8 + 2*p + 7*p**2 - 3*p. What is j(x)?
8
Suppose -2*b - b + 3 = 0. Let u(r) = r**3 + b - 3*r - 2 + 0 - 3 + 2*r**2. Give u(-3).
-4
Let z(w) = -w**3 - 2*w**2 + w + 1. Suppose 0*g + g = -2. Let c = g + 2. Let s = c + -3. Calculate z(s).
7
Let l(a) = 2*a - 2*a + 5 - a. Let o be ((-18)/21)/(5/(-35)). Determine l(o).
-1
Let p(k) = -5*k + k + 4*k**2 + 3*k. Let y be (-42)/(-11) + 48/264 + -2. Give p(y).
14
Suppose -t - 4*v - 11 = 1, -3*t = 5*v + 8. Let h(n) = -7*n**2 + 14*n - 7. Let y(o) = 4*o**2 - 7*o + 3. Let r(f) = 3*h(f) + 5*y(f). What is r(t)?
6
Suppose -3*c = 4 + 11. Let y(z) = 4*z**2 + 5*z + 5. Let a(v) = -v**2 - 1. Let l(p) = 3*a(p) + y(p). What is l(c)?
2
Let x(t) be the third derivative of 5*t**4/24 - t**3/6 + 3*t**2. Let s be x(1). Let j(p) = p**3 - 3*p**2 - 3*p + 2. Determine j(s).
6
Let c(z) be the third derivative of 0 + 0*z - 2*z**2 + 1/8*z**4 + 2/3*z**3. What is c(-3)?
-5
Let a(l) be the second derivative of 17*l**4/12 + l**3/6 + l**2/2 + 11*l. What is a(-1)?
17
Let r = -2 - 1. Let o(b) be the third derivative of -b**6/120 - b**5/15 - b**4/6 + 13*b**2. Determine o(r).
3
Let i(b) = -7*b + 4. Let h be i(4). Let l = 14 + h. Let o be ((-12)/(-10))/(4/l). Let u(n) = -n**3 - 2*n**2 + 3*n - 3. Give u(o).
-3
Suppose -2*v + 7 = 5. Let w(q) = -9*q**3 - q**2. What is w(v)?
-10
Suppose 2*s = -2*s + 200. Let a be (1/1)/((-10)/s). Let k(b) = b**2 + 3*b + 3. What is k(a)?
13
Let q(y) be the third derivative of -y**6/15 + y**3/6 + 5*y**2. Give q(1).
-7
Suppose -5*z + 5 + 12 = -4*d, -3*d = z + 8. Let u(f) = f**2 - 1. Let r(o) = -o**2 + 1. Let n(g) = -5*r(g) - 6*u(g). Calculate n(z).
0
Let f(h) = -3 - h + 4*h - 4 - 4*h. Give f(-6).
-1
Suppose 2*q = -y - 7, 3*y = 1 + 8. Let b(s) be the second derivative of s**3/6 - 3*s**2/2 + s. What is b(q)?
-8
Let k(t) = t**3 - 10*t**2 + 13*t - 12. Let p be k(8). Let w be (p/(-15))/((-3)/(-10)). Suppose -3*z - w = z. Let o(g) = -2*g**2 - 3*g - 2. Determine o(z).
-4
Let v(s) = -s - 6. Let n be v(-8). Let f(z) = z**3 - 3*z**2 + 3*z. What is f(n)?
2
Let t = 2 - 3. Let w(u) be the second derivative of -7*u**4/24 + u**3/6 + u**2 + 2*u. Let r(n) be the first derivative of w(n). Calculate r(t).
8
Let p(z) be the third derivative of -1/120*z**6 - 1/6*z**3 - 1/12*z**4 + 0 + 1/12*z**5 - 9*z**2 + 0*z. Let b be -2*((-5)/2 + 1). Calculate p(b).
11
Let w = -7 - -4. Let k(p) = 5 + 5*p - 4*p - 9 + 5. Give k(w).
-2
Let s(j) = 10*j + 2*j**2 + 20 - j**2 - 8. Give s(-8).
-4
Let j(p) = -3*p**3 + p - 1. Let q(g) = -2*g**3 + 7*g**2 + 2*g + 9. Let s be q(4). Determine j(s).
-3
Let w(u) = u**2 + 4*u - 7. Let c be w(-5). Let s be 1 + c/(-3)*-3. Let y(i) = -12*i**3 + i. Calculate y(s).
11
Let j(a) be the third derivative of a**6/120 - a**5/15 - a**3/6 - a**2. Suppose -8 = -5*u + w, 3*u - 4*u = w - 4. Calculate j(u).
-9
Let b(n) be the first derivative of -n**3/3 + n**2/2 + 7*n + 4. Calculate b(0).
7
Let d(w) = w**3 + 5*w**2 - 2*w + 1. Suppose -4*q - 14 = -94. Suppose 0 = -5*s + s - q. What is d(s)?
11
Let v(u) = u**3 + 14*u**2 - 14*u + 19. Let f be v(-15). Suppose 2*r + 4*m = -0*m - 6, 2*m = f*r - 28. Let o(l) = l**2 - 3*l - 6. Give o(r).
4
Let d(a) = -1 - 17*a**2 + 4*a + 11*a**2 + 5*a**2. Suppose -5*c = 3*w - 5, -2*w + 16 = -c - 2*c. Give d(w).
-6
Suppose -4*q = -9 - 11. Suppose 0 = 4*z - q*d - 0 + 1, -5*z - 11 = -3*d. Let h(w) be the first derivative of w**3/3 + w**2 + 2*w + 1. Determine h(z).
10
Let d(s) = -s**3 - 12*s**2 + 13*s + 5. Let g be d(-13). Suppose 3*n + 5*y = -15, -5*n - y = g - 2. Let v(x) = 7 + 0*x - x**2 + 4*x - 3*x. What is v(n)?
7
Let v(p) = -p**2 + p + 2. Suppose 2*y = 6*y. What is v(y)?
2
Let z(q) be the second derivative of -q**3/6 - q**2 - q. Give z(0).
-2
Let z(n) = 7*n - 26. Let r = 1 + 7. Let m(j) = 11*j - 39. Let a(o) = r*z(o) - 5*m(o). Suppose 2*p + 22 = 2*w, 2*w + 6*p - 3*p + 3 = 0. What is a(w)?
-7
Let b(h) = h + 1. Let i be b(2). Let j(q) = -2*q + 4 + 390*q**2 - 389*q**2 - q. Calculate j(i).
4
Let l(q) = -5*q - 1. Let w(d) = 11*d + 2. Let o be (13/(-3))/((-1)/(-3)). Let t(x) = o*l(x) - 6*w(x). Suppose -2 = b - 6. Calculate t(b).
-3
Let o(k) = -k - 8. Suppose 0 = -43*d + 47*d. Calculate o(d).
-8
Suppose -5*b = -2*f - 31, 3*b + f - 4*f = 24. Suppose -g = -4*g + 3. Let z(s) = -1 - 5*s**2 + s**3 + g. Calculate z(b).
0
Let m(p) = p + 1. Let d(q) be the second derivative of q**4/12 - 3*q**3/2 + 7*q**2/2 - q. Let g be d(8). Determine m(g).
0
Let m(x) = 2*x + 6. Let a be (-1 + 0)*(5 - -2). Determine m(a).
-8
Let v be 8/(-5) - 2/5